hat is the remainder when 1196806 is divided by 47?
45
Calculate the remainder when 142987 is divided by 76.
31
Calculate the remainder when 311563 is divided by 493.
480
What is the remainder when 9701 is divided by 4810?
81
Calculate the remainder when 70866 is divided by 133.
110
Calculate the remainder when 1562 is divided by 1440.
122
What is the remainder when 42659 is divided by 45?
44
What is the remainder when 14244 is divided by 491?
5
Calculate the remainder when 31700 is divided by 117.
110
What is the remainder when 141955 is divided by 364?
359
Calculate the remainder when 18094 is divided by 6026.
16
What is the remainder when 3892 is divided by 1924?
44
Calculate the remainder when 87546 is divided by 119.
81
Calculate the remainder when 10385 is divided by 692.
5
Calculate the remainder when 3551 is divided by 584.
47
Calculate the remainder when 39262 is divided by 118.
86
What is the remainder when 331099 is divided by 228?
43
What is the remainder when 42341 is divided by 148?
13
What is the remainder when 401 is divided by 290?
111
What is the remainder when 4770 is divided by 944?
50
What is the remainder when 94338 is divided by 59?
56
What is the remainder when 354972 is divided by 177472?
28
What is the remainder when 35768 is divided by 35758?
10
What is the remainder when 60480 is divided by 335?
180
Calculate the remainder when 445 is divided by 306.
139
Calculate the remainder when 115207 is divided by 293.
58
Calculate the remainder when 11268 is divided by 10.
8
Calculate the remainder when 48721 is divided by 19.
5
What is the remainder when 120226 is divided by 24?
10
Calculate the remainder when 4967 is divided by 67.
9
What is the remainder when 895528 is divided by 10?
8
Calculate the remainder when 1436 is divided by 710.
16
Calculate the remainder when 2338 is divided by 1088.
162
Calculate the remainder when 29835 is divided by 29835.
0
What is the remainder when 150789 is divided by 401?
13
What is the remainder when 1171 is divided by 171?
145
Calculate the remainder when 231398 is divided by 146.
134
Calculate the remainder when 187915 is divided by 556.
543
What is the remainder when 22602 is divided by 38?
30
Calculate the remainder when 8448 is divided by 264.
0
Calculate the remainder when 1757 is divided by 223.
196
Calculate the remainder when 309108 is divided by 963.
948
Calculate the remainder when 4025 is divided by 92.
69
What is the remainder when 240853 is divided by 88?
85
What is the remainder when 19681 is divided by 59?
34
What is the remainder when 988 is divided by 198?
196
Calculate the remainder when 3141 is divided by 1421.
299
Calculate the remainder when 187164 is divided by 31194.
0
Calculate the remainder when 139727 is divided by 139.
32
Calculate the remainder when 502 is divided by 92.
42
Calculate the remainder when 53044 is divided by 44.
24
What is the remainder when 6178 is divided by 138?
106
Calculate the remainder when 111514 is divided by 18579.
40
Calculate the remainder when 6339 is divided by 333.
12
What is the remainder when 1380984 is divided by 895?
894
Calculate the remainder when 1063 is divided by 960.
103
What is the remainder when 9482 is divided by 4735?
12
Calculate the remainder when 2322 is divided by 49.
19
What is the remainder when 8381 is divided by 280?
261
What is the remainder when 699396 is divided by 349689?
18
Calculate the remainder when 54920 is divided by 27326.
268
Calculate the remainder when 99518 is divided by 429.
419
What is the remainder when 6461 is divided by 40?
21
Calculate the remainder when 24112 is divided by 24064.
48
Calculate the remainder when 439221 is divided by 8.
5
Calculate the remainder when 572 is divided by 125.
72
What is the remainder when 507586 is divided by 64?
2
What is the remainder when 4142 is divided by 822?
32
What is the remainder when 154937 is divided by 14?
13
What is the remainder when 13112 is divided by 3259?
76
What is the remainder when 667399 is divided by 50?
49
What is the remainder when 8254 is divided by 110?
4
What is the remainder when 248415 is divided by 34?
11
What is the remainder when 341260 is divided by 44?
40
What is the remainder when 24694 is divided by 7926?
916
Calculate the remainder when 30377 is divided by 155.
152
What is the remainder when 6185 is divided by 6170?
15
What is the remainder when 1921 is divided by 1881?
40
What is the remainder when 1761 is divided by 282?
69
Calculate the remainder when 21445 is divided by 714.
25
Calculate the remainder when 5681 is divided by 1781.
338
Calculate the remainder when 8876 is divided by 635.
621
What is the remainder when 6612 is divided by 6446?
166
Calculate the remainder when 5198 is divided by 70.
18
What is the remainder when 368230 is divided by 245?
240
Calculate the remainder when 42915 is divided by 296.
291
What is the remainder when 3136 is divided by 312?
16
Calculate the remainder when 3050 is divided by 160.
10
What is the remainder when 6693 is divided by 50?
43
What is the remainder when 6554623 is divided by 385?
383
Calculate the remainder when 1330 is divided by 676.
654
Calculate the remainder when 2365 is divided by 2356.
9
Calculate the remainder when 281790 is divided by 1917.
1908
What is the remainder when 4679 is divided by 22?
15
What is the remainder when 1427 is divided by 20?
7
What is the remainder when 3082 is divided by 228?
118
What is the remainder when 48368 is divided by 87?
83
Calculate the remainder when 14168 is divided by 6.
2
What is the remainder when 1031 is divided by 912?
119
Calculate the remainder when 12445 is divided by 498.
493
Calculate the remainder when 8372695 is divided by 31.
29
What is the remainder when 6347 is divided by 3150?
47
What is the remainder when 22777 is divided by 11340?
97
Calculate the remainder when 52390 is divided by 121.
118
What is the remainder when 13279 is divided by 358?
33
What is the remainder when 858373 is divided by 328?
325
Calculate the remainder when 1501962 is divided by 500652.
6
Calculate the remainder when 122051 is divided by 3051.
11
What is the remainder when 291078 is divided by 262?
258
What is the remainder when 1020 is divided by 398?
224
What is the remainder when 14146 is divided by 911?
481
What is the remainder when 2177 is divided by 1084?
9
What is the remainder when 274947 is divided by 45?
42
Calculate the remainder when 19636 is divided by 19617.
19
What is the remainder when 239885 is divided by 301?
289
What is the remainder when 711 is divided by 316?
79
What is the remainder when 3951300 is divided by 148?
144
Calculate the remainder when 177053 is divided by 69.
68
Calculate the remainder when 27955 is divided by 65.
5
Calculate the remainder when 28988 is divided by 63.
8
Calculate the remainder when 754967 is divided by 17.
14
What is the remainder when 1518 is divided by 755?
8
What is the remainder when 32827 is divided by 16407?
13
Calculate the remainder when 2264 is divided by 530.
144
What is the remainder when 22670 is divided by 719?
381
What is the remainder when 1560 is divided by 45?
30
What is the remainder when 7312 is divided by 5079?
2233
What is the remainder when 133365 is divided by 24?
21
What is the remainder when 381215 is divided by 722?
721
What is the remainder when 478201 is divided by 11?
9
What is the remainder when 2162 is divided by 215?
12
Calculate the remainder when 4166446 is divided by 66.
64
Calculate the remainder when 43560 is divided by 968.
0
Calculate the remainder when 83501 is divided by 86.
81
What is the remainder when 71769 is divided by 1259?
6
What is the remainder when 1718 is divided by 26?
2
Calculate the remainder when 319249 is divided by 1040.
1009
What is the remainder when 5507 is divided by 924?
887
What is the remainder when 20627 is divided by 142?
37
Calculate the remainder when 121 is divided by 96.
25
Calculate the remainder when 15055 is divided by 14992.
63
Calculate the remainder when 36037 is divided by 5133.
106
What is the remainder when 49179 is divided by 8?
3
Calculate the remainder when 2613763 is divided by 465.
463
Calculate the remainder when 5497 is divided by 905.
67
Calculate the remainder when 13753 is divided by 40.
33
What